{"id":469,"date":"2022-10-28T11:25:14","date_gmt":"2022-10-28T09:25:14","guid":{"rendered":"https:\/\/abcd-em.com\/?page_id=469"},"modified":"2022-11-11T10:35:06","modified_gmt":"2022-11-11T09:35:06","slug":"a-propos-des-auteur-e-s","status":"publish","type":"page","link":"https:\/\/abcd-em.com\/index.php\/a-propos-des-auteur-e-s\/","title":{"rendered":"A propos des auteur.e.s"},"content":{"rendered":"<p>[et_pb_section fb_built=\u00a0\u00bb1&Prime; _builder_version=\u00a0\u00bb4.18.1&Prime; _module_preset=\u00a0\u00bbdefault\u00a0\u00bb background_color=\u00a0\u00bb#70E700&Prime; custom_margin=\u00a0\u00bb0px||0px||true|false\u00a0\u00bb custom_padding=\u00a0\u00bb0px||0px||true|false\u00a0\u00bb global_colors_info=\u00a0\u00bb{}\u00a0\u00bb][et_pb_row _builder_version=\u00a0\u00bb4.18.1&Prime; _module_preset=\u00a0\u00bbdefault\u00a0\u00bb custom_margin=\u00a0\u00bb0px||0px||true|false\u00a0\u00bb custom_padding=\u00a0\u00bb0px||0px||true|false\u00a0\u00bb global_colors_info=\u00a0\u00bb{}\u00a0\u00bb][et_pb_column type=\u00a0\u00bb4_4&Prime; _builder_version=\u00a0\u00bb4.18.1&Prime; _module_preset=\u00a0\u00bbdefault\u00a0\u00bb global_colors_info=\u00a0\u00bb{}\u00a0\u00bb][et_pb_text _builder_version=\u00a0\u00bb4.18.1&Prime; _module_preset=\u00a0\u00bbdefault\u00a0\u00bb header_font=\u00a0\u00bb|700||on|||||\u00a0\u00bb header_text_align=\u00a0\u00bbcenter\u00a0\u00bb header_text_color=\u00a0\u00bb#ffffff\u00a0\u00bb header_font_size=\u00a0\u00bb18px\u00a0\u00bb header_letter_spacing=\u00a0\u00bb1px\u00a0\u00bb header_line_height=\u00a0\u00bb1.2em\u00a0\u00bb custom_margin=\u00a0\u00bb||||false|false\u00a0\u00bb custom_padding=\u00a0\u00bb8px||0px||false|false\u00a0\u00bb header_font_size_tablet=\u00a0\u00bb16px\u00a0\u00bb header_font_size_phone=\u00a0\u00bb16px\u00a0\u00bb header_font_size_last_edited=\u00a0\u00bbon|phone\u00a0\u00bb global_colors_info=\u00a0\u00bb{}\u00a0\u00bb]<\/p>\n<h1>infos<\/h1>\n<p>[\/et_pb_text][\/et_pb_column][\/et_pb_row][\/et_pb_section][et_pb_section fb_built=\u00a0\u00bb1&Prime; _builder_version=\u00a0\u00bb4.18.1&Prime; _module_preset=\u00a0\u00bbdefault\u00a0\u00bb custom_margin=\u00a0\u00bb||40px||false|false\u00a0\u00bb custom_margin_tablet=\u00a0\u00bb||20px||false|false\u00a0\u00bb custom_margin_phone=\u00a0\u00bb||20px||false|false\u00a0\u00bb custom_margin_last_edited=\u00a0\u00bbon|phone\u00a0\u00bb custom_padding=\u00a0\u00bb1em||1em||true|false\u00a0\u00bb global_colors_info=\u00a0\u00bb{}\u00a0\u00bb][et_pb_row _builder_version=\u00a0\u00bb4.18.1&Prime; _module_preset=\u00a0\u00bbdefault\u00a0\u00bb global_colors_info=\u00a0\u00bb{}\u00a0\u00bb][et_pb_column type=\u00a0\u00bb4_4&Prime; _builder_version=\u00a0\u00bb4.18.1&Prime; _module_preset=\u00a0\u00bbdefault\u00a0\u00bb global_colors_info=\u00a0\u00bb{}\u00a0\u00bb][et_pb_post_title meta=\u00a0\u00bboff\u00a0\u00bb featured_image=\u00a0\u00bboff\u00a0\u00bb _builder_version=\u00a0\u00bb4.18.1&Prime; _module_preset=\u00a0\u00bbdefault\u00a0\u00bb title_font=\u00a0\u00bb|600||on|||||\u00a0\u00bb title_text_color=\u00a0\u00bb#29007E\u00a0\u00bb title_font_size=\u00a0\u00bb36px\u00a0\u00bb hover_enabled=\u00a0\u00bb0&Prime; title_font_size_tablet=\u00a0\u00bb32px\u00a0\u00bb title_font_size_phone=\u00a0\u00bb26px\u00a0\u00bb title_font_size_last_edited=\u00a0\u00bbon|phone\u00a0\u00bb global_colors_info=\u00a0\u00bb{}\u00a0\u00bb title_text_align=\u00a0\u00bbcenter\u00a0\u00bb sticky_enabled=\u00a0\u00bb0&Prime;][\/et_pb_post_title][\/et_pb_column][\/et_pb_row][et_pb_row column_structure=\u00a0\u00bb1_2,1_2&Prime; _builder_version=\u00a0\u00bb4.18.0&Prime; _module_preset=\u00a0\u00bbdefault\u00a0\u00bb global_colors_info=\u00a0\u00bb{}\u00a0\u00bb][et_pb_column type=\u00a0\u00bb1_2&Prime; _builder_version=\u00a0\u00bb4.18.0&Prime; _module_preset=\u00a0\u00bbdefault\u00a0\u00bb global_colors_info=\u00a0\u00bb{}\u00a0\u00bb][et_pb_image src=\u00a0\u00bbhttps:\/\/abcd-em.com\/wp-content\/uploads\/2022\/10\/Glori-1.jpg\u00a0\u00bb title_text=\u00a0\u00bbGlori\u00a0\u00bb align_tablet=\u00a0\u00bbcenter\u00a0\u00bb align_phone=\u00a0\u00bbcenter\u00a0\u00bb align_last_edited=\u00a0\u00bbon|tablet\u00a0\u00bb _builder_version=\u00a0\u00bb4.18.1&Prime; _module_preset=\u00a0\u00bbdefault\u00a0\u00bb hover_enabled=\u00a0\u00bb0&Prime; border_radii=\u00a0\u00bbon|212px|212px|212px|212px\u00a0\u00bb border_width_all=\u00a0\u00bb7px\u00a0\u00bb border_color_all=\u00a0\u00bb#70E700&Prime; global_colors_info=\u00a0\u00bb{}\u00a0\u00bb align=\u00a0\u00bbcenter\u00a0\u00bb sticky_enabled=\u00a0\u00bb0&Prime;][\/et_pb_image][et_pb_text _builder_version=\u00a0\u00bb4.18.1&Prime; _module_preset=\u00a0\u00bbdefault\u00a0\u00bb header_font=\u00a0\u00bb|600|||||||\u00a0\u00bb header_text_align=\u00a0\u00bbcenter\u00a0\u00bb header_font_size=\u00a0\u00bb26px\u00a0\u00bb hover_enabled=\u00a0\u00bb0&Prime; header_text_align_tablet=\u00a0\u00bbcenter\u00a0\u00bb header_text_align_phone=\u00a0\u00bbcenter\u00a0\u00bb header_text_align_last_edited=\u00a0\u00bbon|tablet\u00a0\u00bb header_font_size_tablet=\u00a0\u00bb24px\u00a0\u00bb header_font_size_phone=\u00a0\u00bb22px\u00a0\u00bb header_font_size_last_edited=\u00a0\u00bbon|desktop\u00a0\u00bb global_colors_info=\u00a0\u00bb{}\u00a0\u00bb sticky_enabled=\u00a0\u00bb0&Prime; header_2_font=\u00a0\u00bb|600|||||||\u00a0\u00bb header_2_text_align=\u00a0\u00bbcenter\u00a0\u00bb header_2_line_height=\u00a0\u00bb1.6em\u00a0\u00bb]<\/p>\n<h2>Glori CAVALLI EUVRARD<\/h2>\n<p>est di\u00e9t\u00e9ticienne lib\u00e9rale \u00e0 Lure (70). Elle a d\u00e9but\u00e9 ses fonctions \u00e0 l\u2019h\u00f4pital pour ensuite d\u00e9couvrir le travail en r\u00e9seaux et en lib\u00e9ral. Passionn\u00e9e par le fonctionnement des comportements et leurs liens avec les cognitions et les \u00e9motions, elle s\u2019est form\u00e9e au GROS (groupe de r\u00e9flexion sur l\u2019ob\u00e9sit\u00e9 et le surpoids), aux th\u00e9rapies ACT (th\u00e9rapie d\u2019acceptation et d\u2019engagement) et \u00e0 la communication non violente. Son autre passion est la p\u00e9dagogie et les leviers de l\u2019apprentissage. Pour approfondir ces th\u00e8mes elle s\u2019est form\u00e9e \u00e0 l\u2019analyse des pratiques professionnelles, a obtenu le DU d\u2019Education th\u00e9rapeutique \u00e0 Besan\u00e7on (25) en 2008 et le master de p\u00e9dagogie en sciences de la sant\u00e9 \u00e0 Strasbourg (68) en 2020. Elle a co cr\u00e9\u00e9 et coordonn\u00e9 la CoMET (2010-2019), structure ressource pour d\u00e9velopper l\u2019Education Th\u00e9rapeutique en r\u00e9gion (Bourgogne Franche-Comt\u00e9). Durant toutes ces ann\u00e9es elle a form\u00e9 \u00e9tudiants et professionnels de sant\u00e9 \u00e0 la pratique \u00e9ducative. Sa premi\u00e8re formation en entretien motivationnel date de 2006, en 2016 elle valide sa formation de formateurs \u00e0 Montr\u00e9al (MINT) et en 2020 elle devient formatrice certifi\u00e9e. Depuis 2017, elle s\u2019investit \u00e0 l\u2019AFDEM et devient en 2021, la responsable projets et ing\u00e9nierie de formation pour le d\u00e9veloppement de l\u2019entretien motivationnel.<\/p>\n<p>[\/et_pb_text][et_pb_divider color=\u00a0\u00bb#00CADF\u00a0\u00bb divider_style=\u00a0\u00bbdotted\u00a0\u00bb divider_position=\u00a0\u00bbcenter\u00a0\u00bb divider_weight=\u00a0\u00bb7px\u00a0\u00bb disabled_on=\u00a0\u00bboff|off|on\u00a0\u00bb _builder_version=\u00a0\u00bb4.18.1&Prime; _module_preset=\u00a0\u00bbdefault\u00a0\u00bb width_tablet=\u00a0\u00bb50%\u00a0\u00bb width_phone=\u00a0\u00bb50%\u00a0\u00bb width_last_edited=\u00a0\u00bbon|phone\u00a0\u00bb module_alignment=\u00a0\u00bbcenter\u00a0\u00bb hover_enabled=\u00a0\u00bb0&Prime; global_colors_info=\u00a0\u00bb{}\u00a0\u00bb sticky_enabled=\u00a0\u00bb0&Prime;][\/et_pb_divider][\/et_pb_column][et_pb_column type=\u00a0\u00bb1_2&Prime; _builder_version=\u00a0\u00bb4.18.0&Prime; _module_preset=\u00a0\u00bbdefault\u00a0\u00bb global_colors_info=\u00a0\u00bb{}\u00a0\u00bb][et_pb_image src=\u00a0\u00bbhttps:\/\/abcd-em.com\/wp-content\/uploads\/2022\/10\/Pascal-Gache-petit-1.jpg\u00a0\u00bb title_text=\u00a0\u00bbPascal-Gache-petit\u00a0\u00bb align_tablet=\u00a0\u00bbcenter\u00a0\u00bb align_phone=\u00a0\u00bbcenter\u00a0\u00bb align_last_edited=\u00a0\u00bbon|desktop\u00a0\u00bb _builder_version=\u00a0\u00bb4.18.1&Prime; _module_preset=\u00a0\u00bbdefault\u00a0\u00bb hover_enabled=\u00a0\u00bb0&Prime; border_radii=\u00a0\u00bbon|212px|212px|212px|212px\u00a0\u00bb border_width_all=\u00a0\u00bb7px\u00a0\u00bb border_color_all=\u00a0\u00bb#70E700&Prime; global_colors_info=\u00a0\u00bb{}\u00a0\u00bb module_alignment=\u00a0\u00bbcenter\u00a0\u00bb align=\u00a0\u00bbcenter\u00a0\u00bb sticky_enabled=\u00a0\u00bb0&Prime;][\/et_pb_image][et_pb_text _builder_version=\u00a0\u00bb4.18.1&Prime; _module_preset=\u00a0\u00bbdefault\u00a0\u00bb header_font=\u00a0\u00bb|600|||||||\u00a0\u00bb header_text_align=\u00a0\u00bbcenter\u00a0\u00bb header_font_size=\u00a0\u00bb26px\u00a0\u00bb hover_enabled=\u00a0\u00bb0&Prime; header_text_align_tablet=\u00a0\u00bbcenter\u00a0\u00bb header_text_align_phone=\u00a0\u00bbcenter\u00a0\u00bb header_text_align_last_edited=\u00a0\u00bbon|tablet\u00a0\u00bb header_font_size_tablet=\u00a0\u00bb24px\u00a0\u00bb header_font_size_phone=\u00a0\u00bb22px\u00a0\u00bb header_font_size_last_edited=\u00a0\u00bbon|desktop\u00a0\u00bb global_colors_info=\u00a0\u00bb{}\u00a0\u00bb sticky_enabled=\u00a0\u00bb0&Prime; header_2_font=\u00a0\u00bb|600|||||||\u00a0\u00bb header_2_text_align=\u00a0\u00bbcenter\u00a0\u00bb header_2_line_height=\u00a0\u00bb1.6em\u00a0\u00bb]<\/p>\n<h2>Pascal GACHE<\/h2>\n<p>est m\u00e9decin addictologue install\u00e9 en pratique lib\u00e9rale depuis 2010. Auparavant, il a \u00e9t\u00e9 responsable de l\u2019unit\u00e9 d\u2019alcoologie du CHU de Besan\u00e7on (1992-1997) puis de celle des H\u00f4pitaux Universitaires de Gen\u00e8ve (1997-2009). Il est titulaire d\u2019un Dipl\u00f4me Universitaire de Th\u00e9rapie Cognitive et Comportementale (Universit\u00e9 de Lyon) et d\u2019un Dipl\u00f4me Universitaire en \u00c9ducation Th\u00e9rapeutique du patient (Universit\u00e9 de Gen\u00e8ve). Il est formateur en Entretien Motivationnel depuis 2003 et formateur certifi\u00e9 par le MINT (R\u00e9seau International des Formateurs en Entretien Motivationnel) depuis 2020. Il a particip\u00e9 \u00e9 la cr\u00e9ation de l\u2019AFDEM (Association Francophone de Diffusion de l\u2019Entretien Motivationnel) en 2004 avec le Dr Philippe Michaud. Il a form\u00e9 \u00e0 l\u2019Entretien Motivationnel des professionnels-lles de domaines tr\u00e8s divers comme la sant\u00e9, le social, l\u2019insertion ou encore l\u2019\u00e9ducation.<\/p>\n<p>[\/et_pb_text][\/et_pb_column][\/et_pb_row][\/et_pb_section]<\/p>\n","protected":false},"excerpt":{"rendered":"<p>infosGlori CAVALLI EUVRARD est di\u00e9t\u00e9ticienne lib\u00e9rale \u00e0 Lure (70). Elle a d\u00e9but\u00e9 ses fonctions \u00e0 l\u2019h\u00f4pital pour ensuite d\u00e9couvrir le travail en r\u00e9seaux et en lib\u00e9ral. Passionn\u00e9e par le fonctionnement des comportements et leurs liens avec les cognitions et les \u00e9motions, elle s\u2019est form\u00e9e au GROS (groupe de r\u00e9flexion sur l\u2019ob\u00e9sit\u00e9 et le surpoids), aux [&hellip;]<\/p>\n","protected":false},"author":3,"featured_media":0,"parent":0,"menu_order":0,"comment_status":"closed","ping_status":"closed","template":"","meta":{"_et_pb_use_builder":"on","_et_pb_old_content":"<!-- wp:divi\/placeholder \/-->","_et_gb_content_width":"","footnotes":""},"class_list":["post-469","page","type-page","status-publish","hentry"],"yoast_head":"<!-- This site is optimized with the Yoast SEO plugin v26.7 - https:\/\/yoast.com\/wordpress\/plugins\/seo\/ -->\n<title>A propos des auteur.e.s - abcd-em<\/title>\n<meta name=\"description\" content=\"Glori CAVALLI EUVRARD est di\u00e9t\u00e9ticienne lib\u00e9rale. Pascal GACHE est m\u00e9decin addictologue install\u00e9 en pratique lib\u00e9rale depuis 2010.\" \/>\n<meta name=\"robots\" content=\"index, follow, max-snippet:-1, max-image-preview:large, max-video-preview:-1\" \/>\n<link rel=\"canonical\" href=\"https:\/\/abcd-em.com\/index.php\/a-propos-des-auteur-e-s\/\" \/>\n<meta property=\"og:locale\" content=\"fr_FR\" \/>\n<meta property=\"og:type\" content=\"article\" \/>\n<meta property=\"og:title\" content=\"A propos des auteur.e.s - abcd-em\" \/>\n<meta property=\"og:description\" content=\"Glori CAVALLI EUVRARD est di\u00e9t\u00e9ticienne lib\u00e9rale. Pascal GACHE est m\u00e9decin addictologue install\u00e9 en pratique lib\u00e9rale depuis 2010.\" \/>\n<meta property=\"og:url\" content=\"https:\/\/abcd-em.com\/index.php\/a-propos-des-auteur-e-s\/\" \/>\n<meta property=\"og:site_name\" content=\"abcd-em\" \/>\n<meta property=\"article:modified_time\" content=\"2022-11-11T09:35:06+00:00\" \/>\n<meta name=\"twitter:card\" content=\"summary_large_image\" \/>\n<meta name=\"twitter:label1\" content=\"Dur\u00e9e de lecture estim\u00e9e\" \/>\n\t<meta name=\"twitter:data1\" content=\"3 minutes\" \/>\n<script type=\"application\/ld+json\" class=\"yoast-schema-graph\">{\"@context\":\"https:\/\/schema.org\",\"@graph\":[{\"@type\":\"WebPage\",\"@id\":\"https:\/\/abcd-em.com\/index.php\/a-propos-des-auteur-e-s\/\",\"url\":\"https:\/\/abcd-em.com\/index.php\/a-propos-des-auteur-e-s\/\",\"name\":\"A propos des auteur.e.s - abcd-em\",\"isPartOf\":{\"@id\":\"https:\/\/abcd-em.com\/#website\"},\"datePublished\":\"2022-10-28T09:25:14+00:00\",\"dateModified\":\"2022-11-11T09:35:06+00:00\",\"description\":\"Glori CAVALLI EUVRARD est di\u00e9t\u00e9ticienne lib\u00e9rale. Pascal GACHE est m\u00e9decin addictologue install\u00e9 en pratique lib\u00e9rale depuis 2010.\",\"breadcrumb\":{\"@id\":\"https:\/\/abcd-em.com\/index.php\/a-propos-des-auteur-e-s\/#breadcrumb\"},\"inLanguage\":\"fr-FR\",\"potentialAction\":[{\"@type\":\"ReadAction\",\"target\":[\"https:\/\/abcd-em.com\/index.php\/a-propos-des-auteur-e-s\/\"]}]},{\"@type\":\"BreadcrumbList\",\"@id\":\"https:\/\/abcd-em.com\/index.php\/a-propos-des-auteur-e-s\/#breadcrumb\",\"itemListElement\":[{\"@type\":\"ListItem\",\"position\":1,\"name\":\"Accueil\",\"item\":\"https:\/\/abcd-em.com\/\"},{\"@type\":\"ListItem\",\"position\":2,\"name\":\"A propos des auteur.e.s\"}]},{\"@type\":\"WebSite\",\"@id\":\"https:\/\/abcd-em.com\/#website\",\"url\":\"https:\/\/abcd-em.com\/\",\"name\":\"abcd-em\",\"description\":\"L\u2019Entretien Motivationnel | Mode d\u2019emploi\",\"potentialAction\":[{\"@type\":\"SearchAction\",\"target\":{\"@type\":\"EntryPoint\",\"urlTemplate\":\"https:\/\/abcd-em.com\/?s={search_term_string}\"},\"query-input\":{\"@type\":\"PropertyValueSpecification\",\"valueRequired\":true,\"valueName\":\"search_term_string\"}}],\"inLanguage\":\"fr-FR\"}]}<\/script>\n<!-- \/ Yoast SEO plugin. -->","yoast_head_json":{"title":"A propos des auteur.e.s - abcd-em","description":"Glori CAVALLI EUVRARD est di\u00e9t\u00e9ticienne lib\u00e9rale. Pascal GACHE est m\u00e9decin addictologue install\u00e9 en pratique lib\u00e9rale depuis 2010.","robots":{"index":"index","follow":"follow","max-snippet":"max-snippet:-1","max-image-preview":"max-image-preview:large","max-video-preview":"max-video-preview:-1"},"canonical":"https:\/\/abcd-em.com\/index.php\/a-propos-des-auteur-e-s\/","og_locale":"fr_FR","og_type":"article","og_title":"A propos des auteur.e.s - abcd-em","og_description":"Glori CAVALLI EUVRARD est di\u00e9t\u00e9ticienne lib\u00e9rale. Pascal GACHE est m\u00e9decin addictologue install\u00e9 en pratique lib\u00e9rale depuis 2010.","og_url":"https:\/\/abcd-em.com\/index.php\/a-propos-des-auteur-e-s\/","og_site_name":"abcd-em","article_modified_time":"2022-11-11T09:35:06+00:00","twitter_card":"summary_large_image","twitter_misc":{"Dur\u00e9e de lecture estim\u00e9e":"3 minutes"},"schema":{"@context":"https:\/\/schema.org","@graph":[{"@type":"WebPage","@id":"https:\/\/abcd-em.com\/index.php\/a-propos-des-auteur-e-s\/","url":"https:\/\/abcd-em.com\/index.php\/a-propos-des-auteur-e-s\/","name":"A propos des auteur.e.s - abcd-em","isPartOf":{"@id":"https:\/\/abcd-em.com\/#website"},"datePublished":"2022-10-28T09:25:14+00:00","dateModified":"2022-11-11T09:35:06+00:00","description":"Glori CAVALLI EUVRARD est di\u00e9t\u00e9ticienne lib\u00e9rale. Pascal GACHE est m\u00e9decin addictologue install\u00e9 en pratique lib\u00e9rale depuis 2010.","breadcrumb":{"@id":"https:\/\/abcd-em.com\/index.php\/a-propos-des-auteur-e-s\/#breadcrumb"},"inLanguage":"fr-FR","potentialAction":[{"@type":"ReadAction","target":["https:\/\/abcd-em.com\/index.php\/a-propos-des-auteur-e-s\/"]}]},{"@type":"BreadcrumbList","@id":"https:\/\/abcd-em.com\/index.php\/a-propos-des-auteur-e-s\/#breadcrumb","itemListElement":[{"@type":"ListItem","position":1,"name":"Accueil","item":"https:\/\/abcd-em.com\/"},{"@type":"ListItem","position":2,"name":"A propos des auteur.e.s"}]},{"@type":"WebSite","@id":"https:\/\/abcd-em.com\/#website","url":"https:\/\/abcd-em.com\/","name":"abcd-em","description":"L\u2019Entretien Motivationnel | Mode d\u2019emploi","potentialAction":[{"@type":"SearchAction","target":{"@type":"EntryPoint","urlTemplate":"https:\/\/abcd-em.com\/?s={search_term_string}"},"query-input":{"@type":"PropertyValueSpecification","valueRequired":true,"valueName":"search_term_string"}}],"inLanguage":"fr-FR"}]}},"_links":{"self":[{"href":"https:\/\/abcd-em.com\/index.php\/wp-json\/wp\/v2\/pages\/469","targetHints":{"allow":["GET"]}}],"collection":[{"href":"https:\/\/abcd-em.com\/index.php\/wp-json\/wp\/v2\/pages"}],"about":[{"href":"https:\/\/abcd-em.com\/index.php\/wp-json\/wp\/v2\/types\/page"}],"author":[{"embeddable":true,"href":"https:\/\/abcd-em.com\/index.php\/wp-json\/wp\/v2\/users\/3"}],"replies":[{"embeddable":true,"href":"https:\/\/abcd-em.com\/index.php\/wp-json\/wp\/v2\/comments?post=469"}],"version-history":[{"count":18,"href":"https:\/\/abcd-em.com\/index.php\/wp-json\/wp\/v2\/pages\/469\/revisions"}],"predecessor-version":[{"id":3597,"href":"https:\/\/abcd-em.com\/index.php\/wp-json\/wp\/v2\/pages\/469\/revisions\/3597"}],"wp:attachment":[{"href":"https:\/\/abcd-em.com\/index.php\/wp-json\/wp\/v2\/media?parent=469"}],"curies":[{"name":"wp","href":"https:\/\/api.w.org\/{rel}","templated":true}]}}